 t?
1
What is the tens digit of 4/20 + (-4716)/(-20)?
3
Let x(p) = -p**3 - p**2 + 2*p + 619. What is the tens digit of x(0)?
1
Suppose 3*l = -3*i + 6648, -l = -2*i - 2815 + 590. Let d be 4/(-22) - l/77. Let a = 54 + d. What is the tens digit of a?
2
Suppose 0 = -2*b + 6*r - r + 164, 2*b - r = 180. What is the tens digit of b?
9
Suppose -148 = 3*x - 508. Suppose -3*p - 75 = -4*p + 5*s, 2*p - x = -5*s. What is the units digit of p?
5
Let w be (-8)/(-3)*(-12)/8. Let p(l) = -33*l + 9. Let a(f) = -65*f + 17. Let z(r) = w*a(r) + 7*p(r). What is the units digit of z(2)?
3
Suppose d - 38 = h + 13, 0 = 4*d - 16. Let q = -23 - h. What is the tens digit of q?
2
Suppose 0 = -2*k + 193 + 105. Suppose -291 = -5*u + k. Suppose 0*f - 2*f = -2*d + u, 4*d = -4*f + 200. What is the units digit of d?
7
Suppose -28 = -2*j - 5*t, 0*j = 5*j - t - 43. Let a = j + 13. Let k = a + -16. What is the units digit of k?
6
Let w(n) = -3*n**2 - 5*n - 2. Let g be w(-1). Suppose -3*h + 0*h + 66 = 3*s, g = -h + 4*s + 47. What is the units digit of h?
7
Suppose 2*i = 2*v - 8, 4*i = 5*i. Suppose -x + u - 6*u = -18, x = v*u + 54. What is the tens digit of x?
3
Let z be (4 - 10/2)*-2. Suppose -3*w + 6*w - 264 = 3*i, -5*w + 405 = z*i. What is the units digit of w?
3
Let d = -17 + 18. Suppose d = p - 2. Suppose -p*v - 8 = -20. What is the units digit of v?
4
Suppose 3*j - 10 = -4. What is the hundreds digit of ((-1)/j)/((-4)/1304)?
1
Suppose 15 = 7*t - 4*t. Suppose 2*x - y - 18 = 0, 4*x - 34 = -2*y + t*y. What is the tens digit of x?
1
Let j = -8 + 2. Let a be (-4)/6 + (-22)/j. Suppose 3*c = c - 8, -56 = -a*l + 5*c. What is the tens digit of l?
1
Let p(a) = -3*a**2 - 2*a - 1. Let r be p(-1). Let h be 2/(1 - r/(-6)). Suppose -h*v = -5*v + 42. What is the units digit of v?
1
Let u be (-14)/(-112)*-4*228/(-1). Let t(a) = -a - 2. Let i be t(-5). Suppose -18 = i*r - u. What is the units digit of r?
2
Suppose 5*r - 579 = -4*u, 0*r - 3*r - 2*u + 347 = 0. Suppose 2*h + 17 = r. What is the tens digit of h?
4
Suppose 63 = 9*c - 72. Let o = c - -69. What is the tens digit of o?
8
Let f(d) = 25*d + 3. Let h be f(-3). Let c = -43 - h. Let y = 56 - c. What is the tens digit of y?
2
Suppose -19*l + 4*h = -14*l - 6105, 0 = -5*l + 3*h + 6100. What is the tens digit of l?
1
Let s(u) = -u - 3*u - 5 + 3 + 1. Suppose -3*k = -3*t, 4*t + 16 = -t + k. What is the units digit of s(t)?
5
Let t be ((-5)/15)/((-1)/9). Let f be (2 - t)/((-2)/4). Suppose -33 + 7 = -f*d. What is the tens digit of d?
1
Suppose 0*x - 4*x = 20, 0 = 3*u - 5*x - 3604. What is the hundreds digit of u?
1
Let g = -39 + 40. Let p = g - 1. Suppose f - 14 - 25 = p. What is the tens digit of f?
3
Suppose -366 = -4*x + 466. Let q = x + -118. What is the tens digit of q?
9
Let p = -11 + 9. Let u = p - -10. What is the units digit of u?
8
Let j = 4 - -1. Let m = 1 - j. What is the units digit of 27*(8/(-6))/m?
9
Suppose 12 + 13 = -5*r, 3*a - 4 = -r. Suppose -a*l + 5*q + 151 + 134 = 0, -q = l - 103. What is the hundreds digit of l?
1
Let t(p) = 10*p**3 - p**2 + p + 1. Suppose 12*s = 18 + 6. What is the tens digit of t(s)?
7
Let f(r) = -r**3 + r**2 - 100*r + 3801. What is the units digit of f(0)?
1
Let a(c) = 10*c**2 + 5 + 2 + c**3 - 2. Let b be a(-10). Suppose -s - v + b = -1, 3*s - v = 2. What is the units digit of s?
2
Suppose -10*f + 18*f - 3456 = 0. What is the tens digit of f?
3
Let b be 1027/(-117) - 4/18. Let t = 15 + b. Suppose t*r = 5*r + 76. What is the tens digit of r?
7
Let z(f) = -3*f**2 - 10*f + 0*f**2 + 37*f + 2*f**2 + 41. What is the tens digit of z(23)?
3
Suppose 2155 + 595 = 5*d. What is the hundreds digit of d?
5
What is the hundreds digit of (-6)/(-3 - -15) - (-1839)/2?
9
Suppose 3052 = -z + 8*z. What is the tens digit of z?
3
Let k be (-1)/(-1) - (23 - -2). Let r = 27 + k. Suppose 0 = -r*f + 4*n + 168, 4*f + 40 = 5*f + 4*n. What is the units digit of f?
2
Suppose -427 = -3*a + 2*k - k, 153 = a - 3*k. Suppose -2*y - 3*r + a = 0, 3*y = 7*y - r - 303. What is the tens digit of y?
7
Suppose 75 = 66*g - 61*g. What is the units digit of ((-3)/(g/(-2)))/((-11)/(-2915))?
6
Let u = 179 + 744. What is the tens digit of u?
2
Let s be 10/(-3)*66/(-5). Let h be 11/s + 1/(-4). Suppose h = 7*w - 3*w - 4. What is the units digit of w?
1
Suppose 0 = 2*y - 4, 3*c - 1325 = -5*y + 20. What is the units digit of c?
5
Let d(p) = p**3 - 11*p**2 + 11*p - 13. Let o be d(10). Let u = 1 - o. Let b(j) = 7*j + 6. What is the units digit of b(u)?
4
Let v be (-4)/16 + -1 + 810/8. Suppose 20 = 4*t - v. What is the units digit of t?
0
Suppose 0 = -82*t + 52*t + 3780. What is the tens digit of t?
2
Let d = 407 + -287. Suppose -5*h + h = -d. What is the tens digit of h?
3
Suppose 3*j - 3*z = 15, 2*z = -3*j + 7*j - 10. Suppose 0 = 2*p + u - 22 - 9, j = -2*p + 5*u + 37. What is the tens digit of p?
1
Let m(y) = y - 1. Let i(b) = -2*b + 3. Let s(x) = -6*i(x) - 14*m(x). Let o be s(-3). Suppose c = -3*c + a + 74, -2*c = o*a - 42. What is the units digit of c?
9
Let j be -78*1*(-5)/2. Suppose 2*g - 93 = j. Suppose -192 = -5*c - 4*d - 12, 0 = -4*c - d + g. What is the tens digit of c?
3
Suppose 0 = -3*k + 6*k - 12. Suppose 2*h + 6 = -4*q, -7 = -3*h + 4*h + k*q. Let p(v) = 19*v**3 - v + 1. What is the tens digit of p(h)?
1
Suppose -5*a - 2*v = -2170, 0*a - 3*a + 1303 = v. What is the tens digit of a?
3
Let i be 1*3 + 5 + -12. What is the units digit of 73 - (i - -2 - 2)?
7
Suppose -2*x = -3*i + 6*i - 3395, 0 = 2*i + 3*x - 2255. What is the units digit of i?
5
Let a(x) = -72*x - 16. What is the units digit of a(-20)?
4
Let m(t) = 2*t**2 - 2. Let j be m(2). Let a(z) = -z**3 + 7*z**2 - 4*z + 1. Let w be a(j). Suppose 0 = g - 19 - w. What is the tens digit of g?
3
Suppose 12*f = 23713 - 7045. What is the units digit of f?
9
Let b(h) = -21*h - 2. Let m = 23 + -30. What is the units digit of b(m)?
5
Suppose 7*w = -11*w + 666. What is the tens digit of w?
3
Let f(i) = -2*i. Let n be f(-8). Let g be (n/4)/(1/(-2)). Let o = 2 - g. What is the units digit of o?
0
Suppose 0 = 4*q + w - 6953, 40*q - 6947 = 36*q - 3*w. What is the units digit of q?
9
Let o = -15 + 20. Suppose -o*i - 12 = -k + 4*k, -3*k = i. Suppose -k = 2*g - 3*g, 20 = 4*a + 4*g. What is the units digit of a?
4
Suppose -3*k = -4*a - 18, 3*k - 7 = -5*a + 11. What is the units digit of (-1)/(k/4)*(7 - 205)?
2
Let q = 662 - -2711. What is the tens digit of q?
7
Suppose -3*v - 2*v + 4*z = -3, 3*z + 7 = -v. What is the units digit of v - (0 + (-146)/2)?
2
Let z(w) = w**2 + 10*w + 20. Let n be z(-8). Suppose 4*b = 2*l - 66, l + 34 + 29 = -n*b. Let u(p) = -p**2 - 15*p + 17. What is the units digit of u(b)?
1
Let u(n) = 0 + 10*n + 4 - 2. Suppose 0 = 3*y + y - 4. What is the tens digit of u(y)?
1
Let m(o) = -3*o + 14. Let i be m(5). What is the units digit of -3 + (-2)/i - (-169 - -5)?
3
Let n(m) = -m**2 - 34*m + 11. What is the units digit of n(-14)?
1
Suppose 4*n + 431 = -3*k, -2*n - n - 5*k = 315. What is the tens digit of (6*(-6)/24)/(3/n)?
5
Suppose 3*w - 1989 = 3*f, 4*f = -37 + 41. What is the hundreds digit of w?
6
Suppose 0 = -9*q + 13*q - 20. Suppose -y - 2 = 0, -i + q*y + 21 = 6*y. What is the tens digit of i?
2
Suppose 0 = -10*q + 7*q + 12. Suppose 3*n = -3, q*g - g - n = 367. What is the hundreds digit of g?
1
Let i be -3*32*2/12. Let l be (-1)/(-4) - 204/i. Let r = l + 11. What is the tens digit of r?
2
Let m(a) = -a**3 + 17*a**2 + 22*a - 27. Let l be (-164)/(-9) - (-16)/(-72). What is the tens digit of m(l)?
4
Suppose -4*r = -4*g + 604, 78 + 511 = -4*r - g. Let q = -72 - r. What is the units digit of q?
6
Let s = -6 - -1. Let t(v) = -9*v + 3. Let f(o) = 7*o - 2. Let m(n) = 5*f(n) + 4*t(n). What is the units digit of m(s)?
7
What is the tens digit of (-27)/15 + 2 - 2289/(-5)?
5
Suppose -165 = 10*h - 13*h. What is the tens digit of h + 6/24 + 6/8?
5
Let j(a) = 2*a - 12. Let m be j(13). Let u = -14 + m. Suppose u*p = p - 18. What is the tens digit of p?
1
Let l be ((-798)/(-15))/(-4*(-2)/120). Suppose -5*t + 15 = 0, l + 307 = 5*u - 5*t. What is the tens digit of u?
2
Let y(i) = 23*i**2 - 9*i - 60. What is the tens digit of y(9)?
2
Let x(u) = -260*u + 65. What is the units digit of x(-7)?
5
Let l(b) = 10*b + 38. Let w be l(-5). What is the units digit of ((-4)/w)/(3/333)?
7
Let p(q) = 7*q**3 - 8*q**2 - 3*q - 